Calculate the remainder when x is divided by 10.
9
Let i = -17 + 28. Suppose -4*z - t = 3*t - 16, 4*z + 5*t = i. Let d = -16 - -32. Calculate the remainder when d is divided by z.
7
Let w(l) = l**2 - 16*l - 7. What is the remainder when 27 is divided by w(17)?
7
Suppose -c + 10 = 4. Let g be ((-14)/4)/7*38. Let p = 35 + g. What is the remainder when p is divided by c?
4
Let d = -3 - -6. Let c = d - -97. Suppose -c = -6*p + p. What is the remainder when p is divided by 11?
9
Suppose 43*p = 38*p + 635. What is the remainder when p is divided by 13?
10
Let r = 60 - 38. Calculate the remainder when r is divided by 12.
10
Calculate the remainder when (-2 + 118/(-3))/((-62)/93) is divided by 18.
8
Let m be -2*-3*(-5)/2. Let p be (-12)/m*(-10)/(-4). Suppose 3*k + 169 = 5*f, -2*f + k + 138 = p*f. Calculate the remainder when f is divided by 12.
11
Let b be -1 + (-2 - -1) + 2. Let z(k) be the first derivative of -k**4/4 - k**3/3 + 58*k + 2. Calculate the remainder when z(b) is divided by 20.
18
Suppose -56 = -5*f + 4. Suppose 4*r - 68 = 2*r. What is the remainder when r is divided by f?
10
Let j = -170 + 188. Calculate the remainder when 88 is divided by j.
16
Let g(i) = 0*i - 5*i - 2 + 0 + 2*i. Suppose 0 = 2*k + 2*u, 0 - 6 = 3*k + u. What is the remainder when g(k) is divided by 3?
1
Suppose 0 = -t + 4*t. Suppose 0 = -2*q + 4 - t. Suppose 0 = 5*u + 2*j - 23, -2*u + 7 = 3*u - q*j. Calculate the remainder when 4 is divided by u.
1
Let z(q) = -q + 8. Let o be z(6). What is the remainder when 13 is divided by (-8)/12*(-21)/o?
6
Let x = 38 - 18. Let n(m) = -11*m**2 - 5*m + 13. Let t(j) = -6*j**2 - 2*j + 7. Let f(y) = -3*n(y) + 5*t(y). What is the remainder when f(3) is divided by x?
18
Suppose 3*o = 4*p + 51 + 26, 2*o = -4*p + 18. Let h(r) = r**2 - r + 7. Calculate the remainder when o is divided by h(0).
5
Calculate the remainder when (-121)/(-1) + (-2)/(-4)*-8 is divided by 24.
21
Let l = 56 - 35. What is the remainder when 102 is divided by l?
18
Let b(v) = v**2 + 6*v + 3. Let u be b(-6). Suppose -72 = -q - u*q. Calculate the remainder when 35 is divided by q.
17
Suppose -13*j + 17*j = 80. What is the remainder when j is divided by 7?
6
Let w(y) = 5*y - 7. Let a = 11 - 15. Calculate the remainder when w(3) is divided by a/(-14) + (-19)/(-7).
2
Let z = 1 - -1. Let o = -2 + z. What is the remainder when 14 - 1 - o/1 is divided by 5?
3
Let p(o) = 2*o**2 - 10*o. Let m(k) = -2*k - 2. Let n be m(-3). Suppose -20 = -n*y, -25 = -0*w - w - 2*y. What is the remainder when p(7) is divided by w?
13
Suppose -o - 2 - 2 = 0. Suppose 0*r - 154 = -3*r - w, 5*r + w - 260 = 0. Calculate the remainder when r is divided by o*-6*3/4.
17
Suppose -2*h - 1 + 5 = 0. Let l = 1 + h. What is the remainder when 210/9 - 1/l is divided by 12?
11
Suppose 3*p + 2*f - 20 = 8, 0 = -4*p - 2*f + 36. Let b = 12 - p. Suppose 0 = b*i - 0 - 40. What is the remainder when i is divided by 6?
4
Suppose s - 5 = 8. Calculate the remainder when 50 is divided by s.
11
Let c(d) = 12*d + 5. What is the remainder when c(3) is divided by 22?
19
Let j(z) = -2*z. Let r be j(-1). Suppose 1 = -2*q + 3*t + 2*t, -5*q - r*t = -41. What is the remainder when q is divided by 3?
1
Suppose -10 = -4*g - 3*m, 5*g + 5*m = 6*g - 14. What is the remainder when 57 is divided by g?
1
Let g = 133 - 34. Let h = -5 - -30. What is the remainder when g is divided by h?
24
Let w(x) = x - 2. What is the remainder when (2/6)/((-3)/(-171)) is divided by w(7)?
4
Suppose 0 = b + 5, 5*w + 3*b = -2*b - 5. Suppose 0 = -3*r - 5 - w, 3*a = 3*r + 21. What is the remainder when a is divided by 3?
1
Let h(y) = 3*y**2 + 2*y + 1. Suppose 0 = -8*t + 5*t. Suppose -3*f - 2*p + 94 = 0, -f + 0*f - p + 30 = t. Calculate the remainder when f is divided by h(-2).
7
Let u = 51 + -37. What is the remainder when 53 is divided by u?
11
Suppose -3*y + 5*m + 47 = 0, 2*m - 40 = -2*y - y. Calculate the remainder when 109 is divided by y.
11
Let o = 247 + -240. Calculate the remainder when (-16 + -2)*6/(-4) is divided by o.
6
Let b = 4 - 3. Let k be 16/(-10)*(-5)/2. Let r = -3 + k. Calculate the remainder when b is divided by r.
0
Suppose s = -5*o + 62, -2*s - o + 96 = -5*o. Calculate the remainder when s is divided by 27.
25
Suppose s - 9*s + 216 = 0. Calculate the remainder when 187 is divided by s.
25
Suppose 2*w + 4*g - 146 = 58, 3*w + 2*g = 286. Let d = w + -63. Calculate the remainder when d is divided by 16.
13
Suppose 5*n = 3*n + 56. Suppose 7*i - 19*i = -120. What is the remainder when n is divided by i?
8
Let r = -30 + 18. What is the remainder when 20 is divided by 11 + r - (-9 + 1)?
6
Let t(o) = -o**2 + 14*o - 18. What is the remainder when t(11) is divided by 8?
7
Let j(f) be the third derivative of f**4/8 - f**3/2 - f**2. Calculate the remainder when 17*2*(1 - 0) is divided by j(5).
10
Suppose 4*v + 4*c - 6*c - 224 = 0, -3*c = 4*v - 234. Suppose -23 = -2*k + v. What is the remainder when k is divided by 21?
19
What is the remainder when 104 is divided by 2 + 1 + (-9 - -1)*-4?
34
Suppose 4*n + 35 = d, 2*d = 5*n + 78 - 14. Suppose 60 = 5*z - 2*k, 0 = -z + k + 5 + 10. Calculate the remainder when d is divided by z.
7
Let d(g) = 2*g + 1. What is the remainder when 129/4 + (-4)/16 is divided by d(5)?
10
Calculate the remainder when 79/6 + (-11)/66 is divided by 7.
6
Let f be 566/(-12) - (-5)/30. Let d = f - -85. What is the remainder when 14 is divided by d/8 + 6/24?
4
Suppose -3*b = 2*b - 95. Suppose 0 = -2*n - 5*g + 52, 3*g - 60 = -3*n + n. What is the remainder when n is divided by b?
17
Let z be (-2)/(-8) - (-1559)/4. Suppose 0*t + 5*t - z = 0. Suppose 5*k = -2*r - 2*r + t, -3*k + 36 = -3*r. What is the remainder when 40 is divided by k?
12
Suppose 0*i + 20 = 5*i. Let l = -10 - -16. What is the remainder when l is divided by i?
2
Let x(h) = h**2 + 4*h - 15. Calculate the remainder when 17 is divided by x(-7).
5
Suppose -15 + 35 = t. Calculate the remainder when t is divided by 11.
9
Let w(v) = v**2 - 14*v + 4. Calculate the remainder when 11 is divided by w(14).
3
What is the remainder when (10/20)/(2/72) is divided by 3?
0
Let k = -16 - -18. Suppose k*v - 80 = -20. Calculate the remainder when v is divided by 11.
8
Let a = -45 - -64. Suppose -5*h - 3*s + 50 = 0, 2*h - 29 + 9 = s. What is the remainder when a is divided by h?
9
Suppose -3*j + g + 14 = 0, -5*g + 4 = 5*j - 26. Calculate the remainder when 9 is divided by j.
4
Let g(q) = q**3 - q**2 + 8*q - 2. Calculate the remainder when g(3) is divided by 29.
11
What is the remainder when (-78)/((63/6)/(-7)) is divided by 18?
16
Let l = 1 - -4. Suppose 2*y + l = 11. Calculate the remainder when 0 - (-18 + (y - 1)) is divided by 9.
7
Suppose 0 = -r - 5, -5*v = -3*r + 8*r + 10. Suppose 0*k - 12 = -p - k, v*k + 44 = 5*p. Let y = p - 6. Calculate the remainder when y is divided by 3.
1
Suppose -33 = -2*h - z, -38 - 32 = -4*h + 2*z. What is the remainder when 63 is divided by h?
12
Let a be 6/((-3 - -1)/(-1)). Suppose -a*b = 2*b - 195. Calculate the remainder when b is divided by 10.
9
Let f(r) = -r**2 + 3*r + 2. Let m be f(5). Let w = 12 + m. Suppose -w*u + 3 = -45. What is the remainder when 45 is divided by u?
9
Suppose -38 = 7*z - 115. What is the remainder when z is divided by 4?
3
Let u(d) = -d + 9. Let t be u(15). Let c(s) = -3*s - 7. What is the remainder when 19 is divided by c(t)?
8
Let o(k) = 4*k + 3. What is the remainder when 30 is divided by o(2)?
8
What is the remainder when 163 is divided by (-66)/2*2/(-2)?
31
Suppose 0 = -3*n + n + 106. What is the remainder when n is divided by -13 + 21 + 6/1?
11
Let c(j) = 10*j + 3. Let o be c(2). Let l = o - -11. What is the remainder when l is divided by 9?
7
Let o be ((-9)/4)/(15/(-40)). Suppose -o = -5*l + 9. What is the remainder when 25 is divided by (-2)/l - 132/(-9)?
11
Let w(q) = -q**2 - q + 6. What is the remainder when 17 is divided by w(0)?
5
Suppose 0 + 14 = 2*x. Suppose -2*c - 22 = -2. Let k = 14 + c. Calculate the remainder when x is divided by k.
3
Let j(s) = s**2 + 5*s + 9. Calculate the remainder when 35 is divided by j(-5).
8
Suppose -2*g = g - 4*v + 72, -2*g - 5*v - 48 = 0. Let r(o) = o**3 - 5*o**2 - 5*o + 6. Calculate the remainder when ((-34)/(-4))/((-6)/g) is divided by r(6).
10
Let k(m) = -1 - 2 + 5 + m. Suppose 2*h + 6 = 